or of s and 24?
24
Let y be (3 - 6) + (0 - -1). Let u = y - -2. Suppose 5*v - 3*j - 45 = u, 5*v + 3*j - 74 = -29. Calculate the greatest common divisor of 18 and v.
9
Let j be 3/(-18) + 6873/(-18). Let b = -213 - j. What is the greatest common divisor of b and 13?
13
Let h = -1214 - -1254. What is the highest common factor of h and 36?
4
Suppose -1 = m - 17. Let f be m/4*(-2 + -2). Let t be f/(-24) - (-158)/6. Calculate the greatest common factor of t and 3.
3
Let g be 50/(1*4/14). Let s = -63 + 75. Let h(v) = -v**3 + 12*v**2 + v + 13. Let w be h(s). Calculate the highest common divisor of g and w.
25
Let k be (-182)/(-6) + 1/(-3). Suppose 0 = 10*d + 720 - 1170. What is the highest common divisor of d and k?
15
Let k(o) = o + 11. Let j(f) = -f**2 - 9*f + 1. Let m be j(-8). Let y be k(m). Calculate the highest common divisor of y and 4.
4
Let k(o) = -o**3 + 2*o**2 + 37*o + 22. Let l be k(-8). Calculate the greatest common factor of 61 and l.
61
Let n be (-2)/16 + 2/16. Suppose n = -2*j + 6*j. Suppose -15 = -f - j*f. Calculate the highest common divisor of 165 and f.
15
Let c be 1*3/((-15)/(-235)). Let w be c/(((-22)/36)/(-11)). Let y be (-6)/14 + w/14. Calculate the highest common factor of 15 and y.
15
Let l = 355 + -1140. Let w be 12/16 - l/20. Let x = 2 - -3. Calculate the greatest common factor of w and x.
5
Suppose -2*z + 8 = -5*p + 28, 4*z - 20 = -5*p. Calculate the highest common divisor of 20 and p.
4
Suppose 5*w - h = -5*h + 12999, 3*w - 7793 = 4*h. Calculate the highest common divisor of 23 and w.
23
Let y = -4853 - -4879. Let d be 66/14 + (-2)/(-7). Let i = d + 8. What is the highest common factor of y and i?
13
Suppose 3*t - 2 = -4*i - 0*t, 6 = 4*i + t. Let x be -1 + 0/i - (-47 - -11). Calculate the greatest common divisor of 280 and x.
35
Suppose 46*a = 44*a - t + 1139, 0 = -2*a - 4*t + 1148. What is the greatest common divisor of 71 and a?
71
Let j be 315/18*((-9)/(-5) - 1). Suppose 399 = j*t - 1785. What is the greatest common divisor of 24 and t?
12
Suppose 18*g - 65 = 5*g. Calculate the highest common divisor of 5 and g.
5
Let m = 81 - 45. Suppose n + 4*a = -16, 0 = -4*n + 2*a - 0 + 8. Suppose n = -2*y - 0*y + 180. What is the greatest common factor of m and y?
18
Let s = 43 + -23. Let a be (0 - s/4) + -3. Let z = -4 - a. Calculate the highest common divisor of z and 20.
4
Let x(v) be the first derivative of -v**3/3 - 10*v**2 - 15*v - 15. Let d be x(-17). What is the highest common factor of 54 and d?
18
Let h(t) = 395*t - 1450. Let l be h(4). Let i be 4/(-14) + 552/21. What is the highest common factor of l and i?
26
Let v be (1 - -165) + 64 + -55. What is the highest common factor of 15 and v?
5
Suppose 2*u - 3*u = -4, 0 = 5*b + u + 1. Let a be (b + (3 - 1))*(-16 - -103). What is the highest common factor of a and 29?
29
Let a = 14 + -9. Suppose a*h - 92 = h. Suppose 2*t - 21 = q, -h = t - 2*t - 2*q. What is the greatest common divisor of t and 143?
13
Suppose -p + 2*p = -f - 28, 0 = -2*p + f - 47. Let t = p + 41. Calculate the highest common factor of t and 40.
8
Suppose -w - 2*w = 2*d + 14, -2*w = 3*d + 6. Let m be (14/w)/((-1)/12). What is the greatest common factor of 28 and m?
28
Suppose 145*x - 242*x + 12222 = 0. Calculate the greatest common factor of 168 and x.
42
Suppose 17*i - 14*i = -12. Let c be ((-693)/(-35) - -1)*(-30)/i. Calculate the highest common divisor of c and 39.
39
Suppose -55 = -k + x, -4*x - 7*x + 11 = 0. Calculate the highest common divisor of 1288 and k.
56
Let g(u) = u**3 + 4*u**2 - 11*u - 3. Let i be g(-5). Let m = i - -7. Calculate the highest common factor of m and 68.
34
Let i(h) = 45*h - 210. Let m be i(7). Let r(j) = j**2 + j + 15. Let o be r(0). Calculate the greatest common divisor of o and m.
15
Let c(g) = -g**3 + 6*g**2 + 6*g + 17. Suppose -20 = -2*t + 2*m - 0*m, -3*t + 12 = 3*m. Let b be c(t). Calculate the greatest common divisor of 40 and b.
10
Let z = 329 + -322. What is the greatest common divisor of z and 28?
7
Let d(p) = p**2 - 9*p - 23. Let s be d(13). Let q be s + ((-7)/(-28))/(1/4). What is the greatest common divisor of q and 40?
10
Suppose 75 = -957*z + 960*z. Calculate the greatest common factor of 5 and z.
5
Let l be 364/18 + (-18)/81. Let v = 45 - 25. What is the greatest common divisor of v and l?
20
Let r(q) = -13 + 8*q - 47*q - 24*q + 6*q. Let x be r(-5). What is the highest common factor of x and 34?
34
Let v(d) = -d**3 - 13*d**2 - 8*d + 6. Let x be v(-12). Let y = -37 - x. What is the highest common divisor of y and 5?
5
Let x be 2 + 1/((16/804)/4). What is the greatest common divisor of x and 58?
29
Let k be (3/(-6) - 0)/(6/(-480)). Calculate the greatest common factor of 300 and k.
20
Let y(i) = i**2 - 20*i + 22. Let g be y(19). Let r = g - -14. Calculate the greatest common divisor of r and 391.
17
Suppose -5*o = b - 61 + 44, -3*b = -5*o + 29. Calculate the greatest common factor of o and 212.
4
Suppose -4 = q - 7. Suppose -4*v + 60 = 4*o, -o + 4*v + 13 = -17. Calculate the greatest common divisor of q and o.
3
Suppose 3*s - 102 = -3*p, 4*s - 4*p = 65 + 47. Let r = s + -25. What is the greatest common divisor of 42 and r?
6
Let w(n) = 11*n - 36. Let g be w(15). Calculate the highest common factor of g and 473.
43
Let d be (-4 + 1)/(1 + -2). Suppose t + 154 = d*t. Let v = t - 20. Calculate the greatest common divisor of 38 and v.
19
Let b = 27 + -75. Let j = -43 - b. What is the highest common factor of j and 5?
5
Let z be 2*(3 + (-36)/24). What is the highest common factor of 23 and z?
1
Let g = 16 + -10. Suppose -15*r + 22*r - 14 = 0. What is the highest common divisor of g and r?
2
Let f(d) = d + 109. Let z be f(-10). Calculate the highest common divisor of z and 72.
9
Suppose -m + 4*o = -o + 18, o - 12 = -4*m. Let c be (-5 + (-4 - m))*(-1 + 0). Calculate the greatest common factor of c and 121.
11
Suppose 3*t = 2*u + 5, 3*u = -0*t + 2*t + 5. Suppose x - 2 = 2*p - 48, 0 = -3*p - 2*x + 83. What is the highest common factor of p and t?
5
Let n be 16/(-56) + (-1398)/(-42). What is the highest common factor of n and 77?
11
Let r(t) be the second derivative of -t**5/20 - 7*t**4/12 - 5*t**3/6 + 9*t**2/2 + 8*t. Let q be r(-6). What is the highest common divisor of q and 15?
3
Let g be (-365)/(-6) + 0 + (-1)/(-6). Let p = 209 + g. Calculate the greatest common divisor of 30 and p.
30
Suppose -2 + 29 = s - 3*j, -3*j + 9 = 2*s. Let d(a) = -7*a - 6. Let g be d(-6). Calculate the highest common divisor of s and g.
12
Suppose -4*g - u = g - 3, u = g - 3. Let r(i) = i**3 - 7*i**2 - 8*i - 3. Let t be r(9). Let j = t + g. What is the greatest common divisor of j and 8?
8
Let y(r) = 2*r**2 - 90*r - 587. Let w be y(-6). Calculate the highest common factor of 15 and w.
5
Let i(g) = -g**3 - 9*g**2 + 8*g - 2. Let f be i(-10). Suppose -21 = -4*a + 3. What is the highest common divisor of a and f?
6
Suppose 3*q - 41 = -5*d, -4*d + 3*q + 24 = q. Let y = 23 - 17. Let a = y + 1. What is the highest common factor of d and a?
7
Suppose -2*s + 0*s + 455 = 3*x, 5*x = 2*s - 463. Suppose 4*z - 5*k = s, -3*z + 226 = -k + 68. Calculate the greatest common factor of 34 and z.
17
Let h be 36024/57 - 6/(1 + 1). What is the greatest common divisor of 17 and h?
17
Let w = -7 - -10. Suppose -5*z + 59 = -2*v, w*z = -4*v + 21 + 4. Let j = -18 + 40. Calculate the highest common factor of j and z.
11
Let m(n) = -16*n**3 - 5*n**2 + 2. Let z be m(-5). Suppose -523 = -12*x + z. What is the highest common factor of x and 25?
25
Let v be 14/(-3) + 48/72 + 60. What is the highest common factor of 32 and v?
8
Let f = 301 - 161. What is the highest common divisor of f and 100?
20
Let k be 8 + 0/(2 - 5). Calculate the greatest common factor of k and 184.
8
Let r(a) = -a**3 - 8*a**2 + 9*a + 4. Let f be r(-9). Let q = -528 - -544. What is the highest common divisor of q and f?
4
Let u be 36 - (70/10 + 5). What is the greatest common divisor of u and 348?
12
Suppose 2*u + 232 = -24. Let b = 97 - u. What is the greatest common divisor of b and 25?
25
Suppose 0 = -2*y + 4*y - 10. Suppose y*c - 6 - 14 = -i, 4*c + i = 16. Suppose 20 = -2*x + c*x. Calculate the greatest common factor of x and 10.
10
Suppose 12*u - 5*u = 21. Suppose -x = -u*x + 28. Calculate the greatest common divisor of x and 2.
2
Let a be 10 - (4 + (